{"id":1281,"date":"2025-01-31T05:15:45","date_gmt":"2025-01-31T05:15:45","guid":{"rendered":"https:\/\/falcongoldtrade.com\/?page_id=1281"},"modified":"2025-01-31T05:15:45","modified_gmt":"2025-01-31T05:15:45","slug":"toptan-altin-ticareti","status":"publish","type":"page","link":"https:\/\/falcongoldtrade.com\/?page_id=1281","title":{"rendered":"Toptan Alt\u0131n Ticareti"},"content":{"rendered":"<p>[vc_row full_width=&#8221;stretch_row&#8221; css=&#8221;.vc_custom_1490048567142{padding-top: 100px !important;padding-bottom: 100px !important;}&#8221; nt_agricom_vc_row_992_responsive=&#8221;.vc_custom_1490048567148{padding-top: 80px !important;padding-bottom: 80px !important;}&#8221; nt_agricom_vc_row_768_responsive=&#8221;.vc_custom_1490048567150{padding-top: 80px !important;padding-bottom: 80px !important;}&#8221; nt_agricom_vc_row_480_responsive=&#8221;.vc_custom_1490048567153{padding-top: 60px !important;padding-bottom: 60px !important;}&#8221;][vc_column offset=&#8221;vc_col-lg-7 vc_col-md-7 vc_col-xs-12&#8243; css=&#8221;.vc_custom_1490048581968{margin-top: 0px !important;margin-bottom: 30px !important;padding-top: 0px !important;}&#8221;][vc_custom_heading text=&#8221;Toptan Alt\u0131n Ticareti&#8221; font_container=&#8221;tag:h2|text_align:left|color:%23333333&#8243; use_theme_fonts=&#8221;yes&#8221; css=&#8221;.vc_custom_1738300525716{margin-top: 0px !important;margin-bottom: 35px !important;padding-top: 0px !important;padding-bottom: 0px !important;}&#8221;][vc_custom_heading text=&#8221;Finansal Kurumlar ve \u0130\u015fletmeler \u0130\u00e7in: Alt\u0131n k\u00fcl\u00e7elerini b\u00fcy\u00fck miktarlarda temin ediyoruz, b\u00f6ylece finansal kurumlar, bankalar, kuyumculuk i\u015fletmeleri ve b\u00fcy\u00fck yat\u0131r\u0131mc\u0131lar ihtiya\u00e7lar\u0131na uygun alt\u0131n tedari\u011fini sa\u011flam\u0131\u015f oluyor.<\/p>\n<p>Toptan hizmetlerimiz sayesinde b\u00fcy\u00fck sipari\u015fler i\u00e7in indirimli fiyatland\u0131rma ve \u00f6zelle\u015ftirilmi\u015f lojistik paketleme \u00e7\u00f6z\u00fcmleri sunuyoruz. Sipari\u015fin verili\u015finden teslimata kadar sorunsuz i\u015flemler sa\u011fl\u0131yoruz.&#8221; font_container=&#8221;tag:h4|font_size:1.6rem|text_align:left|color:%23333333|line_height:1.5&#8243; use_theme_fonts=&#8221;yes&#8221; css=&#8221;.vc_custom_1738300545414{margin-top: 0px !important;margin-bottom: 30px !important;padding-top: 0px !important;padding-bottom: 0px !important;}&#8221;][\/vc_column][vc_column offset=&#8221;vc_col-lg-offset-1 vc_col-lg-4 vc_col-md-5 vc_col-xs-12&#8243;][vc_single_image image=&#8221;1220&#8243; img_size=&#8221;full&#8221; alignment=&#8221;center&#8221;][\/vc_column][\/vc_row]<\/p>\n","protected":false},"excerpt":{"rendered":"<p>[vc_row full_width=&#8221;stretch_row&#8221; css=&#8221;.vc_custom_1490048567142{padding-top: 100px !important;padding-bottom: 100px !important;}&#8221; nt_agricom_vc_row_992_responsive=&#8221;.vc_custom_1490048567148{padding-top: 80px !important;padding-bottom: 80px !important;}&#8221; nt_agricom_vc_row_768_responsive=&#8221;.vc_custom_1490048567150{padding-top: 80px !important;padding-bottom: 80px !important;}&#8221; nt_agricom_vc_row_480_responsive=&#8221;.vc_custom_1490048567153{padding-top: 60px !important;padding-bottom: 60px !important;}&#8221;][vc_column offset=&#8221;vc_col-lg-7 vc_col-md-7 vc_col-xs-12&#8243; css=&#8221;.vc_custom_1490048581968{margin-top: 0px !important;margin-bottom: 30px !important;padding-top: 0px !important;}&#8221;][vc_custom_heading text=&#8221;Toptan Alt\u0131n Ticareti&#8221; font_container=&#8221;tag:h2|text_align:left|color:%23333333&#8243; use_theme_fonts=&#8221;yes&#8221; css=&#8221;.vc_custom_1738300525716{margin-top: 0px !important;margin-bottom: 35px !important;padding-top: 0px !important;padding-bottom: 0px !important;}&#8221;][vc_custom_heading text=&#8221;Finansal Kurumlar ve \u0130\u015fletmeler \u0130\u00e7in: Alt\u0131n k\u00fcl\u00e7elerini b\u00fcy\u00fck miktarlarda [&hellip;]<\/p>\n","protected":false},"author":1,"featured_media":0,"parent":0,"menu_order":0,"comment_status":"closed","ping_status":"closed","template":"custom-page.php","meta":{"footnotes":""},"class_list":["post-1281","page","type-page","status-publish","hentry"],"_links":{"self":[{"href":"https:\/\/falcongoldtrade.com\/index.php?rest_route=\/wp\/v2\/pages\/1281","targetHints":{"allow":["GET"]}}],"collection":[{"href":"https:\/\/falcongoldtrade.com\/index.php?rest_route=\/wp\/v2\/pages"}],"about":[{"href":"https:\/\/falcongoldtrade.com\/index.php?rest_route=\/wp\/v2\/types\/page"}],"author":[{"embeddable":true,"href":"https:\/\/falcongoldtrade.com\/index.php?rest_route=\/wp\/v2\/users\/1"}],"replies":[{"embeddable":true,"href":"https:\/\/falcongoldtrade.com\/index.php?rest_route=%2Fwp%2Fv2%2Fcomments&post=1281"}],"version-history":[{"count":1,"href":"https:\/\/falcongoldtrade.com\/index.php?rest_route=\/wp\/v2\/pages\/1281\/revisions"}],"predecessor-version":[{"id":1282,"href":"https:\/\/falcongoldtrade.com\/index.php?rest_route=\/wp\/v2\/pages\/1281\/revisions\/1282"}],"wp:attachment":[{"href":"https:\/\/falcongoldtrade.com\/index.php?rest_route=%2Fwp%2Fv2%2Fmedia&parent=1281"}],"curies":[{"name":"wp","href":"https:\/\/api.w.org\/{rel}","templated":true}]}}