{"id":1063,"date":"2025-01-27T21:45:04","date_gmt":"2025-01-27T21:45:04","guid":{"rendered":"http:\/\/independenttrading.net\/?page_id=1063"},"modified":"2025-01-31T03:53:53","modified_gmt":"2025-01-31T03:53:53","slug":"who-we-are","status":"publish","type":"page","link":"https:\/\/falcongoldtrade.com\/?page_id=1063","title":{"rendered":"Hakk\u0131m\u0131zda"},"content":{"rendered":"<p>[vc_row full_width=&#8221;stretch_row&#8221; css=&#8221;.vc_custom_1490048567142{padding-top: 100px !important;padding-bottom: 100px !important;}&#8221; nt_agricom_vc_row_992_responsive=&#8221;.vc_custom_1490048567148{padding-top: 80px !important;padding-bottom: 80px !important;}&#8221; nt_agricom_vc_row_768_responsive=&#8221;.vc_custom_1490048567150{padding-top: 80px !important;padding-bottom: 80px !important;}&#8221; nt_agricom_vc_row_480_responsive=&#8221;.vc_custom_1490048567153{padding-top: 60px !important;padding-bottom: 60px !important;}&#8221;][vc_column offset=&#8221;vc_col-lg-7 vc_col-md-7 vc_col-xs-12&#8243; css=&#8221;.vc_custom_1490048581968{margin-top: 0px !important;margin-bottom: 30px !important;padding-top: 0px !important;}&#8221;][vc_custom_heading text=&#8221;FALCON KUYUMCULUK VE PETROK\u0130MYA \u0130\u00c7 VE DI\u015e T\u0130CARET LTD. \u015eT\u0130.&#8221; font_container=&#8221;tag:h4|font_size:30|text_align:left|color:%23333333&#8243; use_theme_fonts=&#8221;yes&#8221; css=&#8221;.vc_custom_1738295634201{margin-top: 0px !important;margin-bottom: 35px !important;padding-top: 0px !important;padding-bottom: 0px !important;}&#8221;][vc_custom_heading text=&#8221;<b>Falcon Kuyumculuk,<\/b> k\u00fcresel alt\u0131n piyasas\u0131nda derin bilgiye sahip deneyimli profesyonellerden olu\u015fan bir ekip taraf\u0131ndan kurulmu\u015ftur ve hem perakende hem de toptan alt\u0131n k\u00fcl\u00e7e ticaretinde lider bir sa\u011flay\u0131c\u0131 olarak kendini kan\u0131tlam\u0131\u015ft\u0131r.<\/p>\n<p>D\u00fcr\u00fcstl\u00fck, \u015feffafl\u0131k ve m\u00fc\u015fteri memnuniyeti konusundaki sars\u0131lmaz taahh\u00fcd\u00fcm\u00fczle, m\u00fc\u015fterilerimize ola\u011fan\u00fcst\u00fc bir ticaret deneyimi sunmay\u0131 ama\u00e7l\u0131yoruz. Alt\u0131n barlar\u0131, alt\u0131n madeni paralar ve \u00f6zel tasar\u0131ml\u0131 \u00fcr\u00fcnler gibi \u00e7e\u015fitli alt\u0131n k\u00fcl\u00e7eleri konusunda uzman\u0131z.<\/p>\n<p>\u00dcr\u00fcnlerimizle hem yat\u0131r\u0131m ama\u00e7l\u0131 hem de fiziksel varl\u0131k saklama i\u00e7in ideal bir portf\u00f6y sa\u011fl\u0131yoruz. \u0130ster ki\u015fisel yat\u0131r\u0131m portf\u00f6y\u00fcn\u00fcz\u00fcn bir par\u00e7as\u0131 olarak alt\u0131n almak isteyin, ister kurumsal kullan\u0131ma y\u00f6nelik b\u00fcy\u00fck miktarlarda alt\u0131na ihtiyac\u0131n\u0131z olsun, t\u00fcm ihtiya\u00e7lar\u0131n\u0131za uygun \u00e7\u00f6z\u00fcmler sunuyoruz. Ekibimiz, piyasa trendleri hakk\u0131nda uzman g\u00f6r\u00fc\u015fleri sunmak ve alt\u0131n ticareti pazar\u0131nda bilin\u00e7li kararlar alman\u0131za yard\u0131mc\u0131 olmak i\u00e7in adanm\u0131\u015ft\u0131r. G\u00fcvenilir k\u00fcresel tedarik\u00e7ilere eri\u015fimimiz sayesinde, t\u00fcm \u00fcr\u00fcnlerimizin otantik ve saf oldu\u011funu garanti ediyoruz, b\u00f6ylece yaln\u0131zca en y\u00fcksek kaliteli alt\u0131n\u0131 tedarik ediyoruz.&#8221; font_container=&#8221;tag:h4|font_size:1.6rem|text_align:left|color:%23333333|line_height:1.5&#8243; use_theme_fonts=&#8221;yes&#8221; css=&#8221;.vc_custom_1738295141952{margin-top: 0px !important;margin-bottom: 30px !important;padding-top: 0px !important;padding-bottom: 0px !important;}&#8221;][\/vc_column][vc_column offset=&#8221;vc_col-lg-offset-1 vc_col-lg-4 vc_col-md-5 vc_col-xs-12&#8243;][vc_single_image image=&#8221;1220&#8243; img_size=&#8221;full&#8221; alignment=&#8221;center&#8221;][\/vc_column][\/vc_row]<\/p>\n","protected":false},"excerpt":{"rendered":"<p>[vc_row full_width=&#8221;stretch_row&#8221; css=&#8221;.vc_custom_1490048567142{padding-top: 100px !important;padding-bottom: 100px !important;}&#8221; nt_agricom_vc_row_992_responsive=&#8221;.vc_custom_1490048567148{padding-top: 80px !important;padding-bottom: 80px !important;}&#8221; nt_agricom_vc_row_768_responsive=&#8221;.vc_custom_1490048567150{padding-top: 80px !important;padding-bottom: 80px !important;}&#8221; nt_agricom_vc_row_480_responsive=&#8221;.vc_custom_1490048567153{padding-top: 60px !important;padding-bottom: 60px !important;}&#8221;][vc_column offset=&#8221;vc_col-lg-7 vc_col-md-7 vc_col-xs-12&#8243; css=&#8221;.vc_custom_1490048581968{margin-top: 0px !important;margin-bottom: 30px !important;padding-top: 0px !important;}&#8221;][vc_custom_heading text=&#8221;FALCON KUYUMCULUK VE PETROK\u0130MYA \u0130\u00c7 VE DI\u015e T\u0130CARET LTD. \u015eT\u0130.&#8221; font_container=&#8221;tag:h4|font_size:30|text_align:left|color:%23333333&#8243; use_theme_fonts=&#8221;yes&#8221; css=&#8221;.vc_custom_1738295634201{margin-top: 0px !important;margin-bottom: 35px !important;padding-top: 0px !important;padding-bottom: 0px !important;}&#8221;][vc_custom_heading text=&#8221;Falcon Kuyumculuk, [&hellip;]<\/p>\n","protected":false},"author":1,"featured_media":0,"parent":0,"menu_order":0,"comment_status":"closed","ping_status":"closed","template":"custom-page.php","meta":{"footnotes":""},"class_list":["post-1063","page","type-page","status-publish","hentry"],"_links":{"self":[{"href":"https:\/\/falcongoldtrade.com\/index.php?rest_route=\/wp\/v2\/pages\/1063","targetHints":{"allow":["GET"]}}],"collection":[{"href":"https:\/\/falcongoldtrade.com\/index.php?rest_route=\/wp\/v2\/pages"}],"about":[{"href":"https:\/\/falcongoldtrade.com\/index.php?rest_route=\/wp\/v2\/types\/page"}],"author":[{"embeddable":true,"href":"https:\/\/falcongoldtrade.com\/index.php?rest_route=\/wp\/v2\/users\/1"}],"replies":[{"embeddable":true,"href":"https:\/\/falcongoldtrade.com\/index.php?rest_route=%2Fwp%2Fv2%2Fcomments&post=1063"}],"version-history":[{"count":12,"href":"https:\/\/falcongoldtrade.com\/index.php?rest_route=\/wp\/v2\/pages\/1063\/revisions"}],"predecessor-version":[{"id":1229,"href":"https:\/\/falcongoldtrade.com\/index.php?rest_route=\/wp\/v2\/pages\/1063\/revisions\/1229"}],"wp:attachment":[{"href":"https:\/\/falcongoldtrade.com\/index.php?rest_route=%2Fwp%2Fv2%2Fmedia&parent=1063"}],"curies":[{"name":"wp","href":"https:\/\/api.w.org\/{rel}","templated":true}]}}